
7
Let p(u) = -u**3 - 38*u**2 + 1824*u - 1581. Determine p(-66).
3
Let o(b) = -40*b**2 - 5819*b - 149973. Determine o(-112).
-5
Let j(z) = -z**3 - 20*z**2 + 877*z + 18428. Calculate j(-23).
-156
Let r(u) = -4*u**2 - 493*u - 6061. Determine r(-109).
152
Let g(k) = -321294*k + 642569. Give g(2).
-19
Let u(o) = -o**3 + 20*o**2 - 67*o - 60. Give u(14).
178
Let f(g) = 345*g**2 + 6546*g - 14. Give f(-19).
157
Let o(b) = -14*b**2 - 4393*b - 3335. Determine o(-313).
108
Let i(s) = s**3 + 21*s**2 + 60*s + 5. Determine i(-19).
-413
Let k(l) = -5874*l + 411190. Determine k(70).
10
Let i(f) = 9*f**2 - 21001*f + 1778382. Calculate i(88).
-10
Let c(p) = -4540*p - 7596. Calculate c(-2).
1484
Let d(z) = 3*z - 1533. Give d(61).
-1350
Let g(k) = -2660*k + 5722. Calculate g(2).
402
Let z(j) = -j**3 - 39*j**2 + 29724*j + 392. Determine z(-193).
6
Let b(v) = -524*v - 451. Calculate b(-1).
73
Let h(b) = b**3 - 28*b**2 + 221*b - 528. What is h(7)?
-10
Let m(d) = -809*d**2 - 770159*d + 8542. Give m(-952).
-26
Let x(r) = -43113*r - 172541. Calculate x(-4).
-89
Let m(c) = -19*c**3 - 19*c**2 + 49*c + 116. What is m(-2)?
94
Let c(n) = -n**3 + 133*n**2 - 648*n - 139. Calculate c(5).
-179
Let y(h) = -2076*h + 22788. Determine y(11).
-48
Let v(p) = p**2 + 829*p + 109559. What is v(-165)?
-1
Let m(g) = -4*g**2 + 821*g + 5373. What is m(212)?
-351
Let g(u) = 130*u + 70804. What is g(-544)?
84
Let l(i) = -13930*i - 42144. Give l(-3).
-354
Let i(b) = 112*b + 8835. Give i(-87).
-909
Let a(y) = -18*y**3 + 15*y**2 - 77*y + 225. What is a(4)?
-995
Let p(j) = -5*j**3 + 346*j**2 - 5636*j + 126. Give p(43).
-3
Let o(k) = -2*k**3 + 966*k**2 + 5353*k + 2356. What is o(-5)?
-9
Let o(n) = n**3 + 479*n**2 + 765*n - 90137. Determine o(-477).
16
Let j(b) = 2*b**3 - 31*b**2 + 46. Determine j(14).
-542
Let d(l) = 2*l**3 - 4*l**2 - 54*l + 114. Determine d(5).
-6
Let h(c) = 1853*c + 77558. Give h(-42).
-268
Let i(h) = -h**3 - 354*h**2 - 7*h - 1428. Determine i(-354).
1050
Let o(j) = -481*j - 17171. Give o(-43).
3512
Let t(o) = 26*o**3 + 18*o**2 + 33*o + 3. Give t(-2).
-199
Let g(s) = s**2 - 496*s + 19068. Give g(42).
0
Let l(k) = 41815*k - 125462. What is l(3)?
-17
Let g(f) = -8*f**3 + 545*f**2 - 87*f + 92. Calculate g(68).
-1200
Let j(w) = -284*w - 4750. What is j(-3)?
-3898
Let y(a) = -2*a**3 - 90*a**2 - 911*a + 1154. Calculate y(-28).
6
Let f(x) = 21*x**2 - 347*x + 1083. Determine f(13).
121
Let l(r) = 97*r**2 + 10290*r + 863. Determine l(-106).
15
Let c(y) = -2535771*y - 25357714. What is c(-10)?
-4
Let g(b) = 3*b**2 + 49*b + 25. Determine g(3).
199
Let j(i) = -48*i**2 - 14*i - 6. Determine j(-1).
-40
Let n(o) = 1592*o + 177949. Determine n(-112).
-355
Let l(x) = -x**3 - 75*x**2 - 415*x - 70. Give l(-69).
-1
Let k(w) = -3*w**2 - 102*w + 447. Determine k(-11).
1206
Let l(f) = f**2 + 440*f - 30601. Give l(61).
-40
Let d(q) = q**3 + 32*q**2 - 177*q + 3642. Give d(-39).
-102
Let y(h) = h**2 + 30779*h + 1321642. What is y(-43)?
-6
Let u(m) = m**3 - 131*m**2 + 132*m + 16717. Give u(129).
463
Let o(j) = -2151*j + 1891. What is o(1)?
-260
Let r(p) = 1637*p - 38191. Give r(24).
1097
Let f(p) = -59*p**2 - 53*p + 638. Give f(-11).
-5918
Let t(y) = -43683*y - 48531806. Give t(-1111).
7
Let j(z) = -z**2 + 16405*z - 6589122. Determine j(412).
-6
Let c(y) = -y**2 - 844*y - 9994. Determine c(-12).
-10
Let r(g) = 2044*g + 20500. Calculate r(-10).
60
Let o(a) = -a**2 + 772*a + 159036. Give o(-169).
7
Let q(l) = 10113*l - 30376. What is q(3)?
-37
Let v(u) = -860613*u - 2581840. Calculate v(-3).
-1
Let h(f) = f**3 - 40*f**2 - 353*f + 5741. What is h(45)?
-19
Let w(h) = 34*h**3 + 50*h**2 - 17*h. What is w(-2)?
-38
Let i(k) = -k**3 - 92*k**2 - 389*k - 773. Calculate i(-88).
2483
Let k(t) = -3*t**3 + 1656*t**2 + 61637*t + 73. Determine k(-35).
3
Let n(r) = -r**3 - 135*r**2 + 5749*r - 38. Give n(34).
64
Let j(d) = 11492*d + 91893. Give j(-8).
-43
Let q(j) = -244*j**2 - 141*j + 146. Determine q(1).
-239
Let q(c) = -2*c**2 + 1430*c - 242317. What is q(276)?
11
Let f(u) = -u**3 + 79*u**2 - 1244*u + 6106. What is f(60)?
-134
Let j(z) = -z**2 - 100*z + 3251. What is j(28)?
-333
Let v(w) = -1852*w + 96216. Calculate v(52).
-88
Let m(c) = 373709*c + 8221605. Determine m(-22).
7
Let h(p) = 991*p + 567. Give h(-1).
-424
Let p(x) = 20587*x - 82374. Calculate p(4).
-26
Let q(p) = 514*p + 83284. Give q(-162).
16
Let i(a) = -5*a**2 - 31*a + 2422. Calculate i(-32).
-1706
Let c(o) = 2*o**2 + 527*o + 4764. Calculate c(-254).
-62
Let w(p) = -9*p**2 - 3244*p - 163198. Determine w(-300).
2
Let g(h) = -488*h + 7957. What is g(16)?
149
Let q(x) = -5*x**2 + 16440*x + 49322. Determine q(-3).
-43
Let i(h) = -11*h**3 - 144*h**2 + 19*h + 438. Calculate i(-13).
22
Let f(b) = 2*b**3 - 4*b**2 - 666*b + 2603. Give f(4).
3
Let t(p) = p**3 + 24*p**2 + 30*p - 261. Determine t(-25).
-1636
Let b(l) = 19270*l - 308323. Calculate b(16).
-3
Let p(q) = -2*q**3 - 14*q**2 - 134*q + 497. Give p(3).
-85
Let a(t) = t**3 - 33*t**2 + 57*t - 11. Determine a(30).
-1001
Let h(k) = k**3 - 788*k**2 - 65660*k + 180. Give h(-76).
-124
Let f(c) = 613*c**2 + 118308*c - 146. Calculate f(-193).
47
Let k(w) = -732*w + 15904. Calculate k(22).
-200
Let j(h) = 86*h**2 + 3245*h - 866. What is j(-38)?
8
Let d(y) = 9*y**2 - 490*y - 14774. Calculate d(76).
-30
Let s(p) = p**3 - 1162*p**2 + 92494*p + 3620. Give s(86).
8
Let t(j) = 5736*j - 56057. Give t(10).
1303
Let v(x) = 183*x + 15992. Calculate v(-87).
71
Let h(q) = -2*q**3 + 446*q**2 - 444*q - 233. Determine h(222).
-233
Let y(l) = -177*l + 13218. Give y(72).
474
Let n(d) = 16680*d + 50167. Determine n(-3).
127
Let h(w) = 1709*w - 593056. Give h(347).
-33
Let n(r) = -462*r - 7080. Give n(-15).
-150
Let c(r) = r**2 - 163*r + 788. Determine c(158).
-2
Let z(d) = 36*d**3 + 20*d**2 + 4265*d - 8621. Give z(2).
277
Let o(f) = 3*f**3 + 163*f**2 + 796*f + 607. Give o(-49).
19
Let x(o) = -3439*o - 159251. Calculate x(-46).
-1057
Let d(p) = -37006*p - 73993. Give d(-2).
19
Let s(c) = 10118*c + 40941. Give s(-4).
469
Let h(w) = w**2 + 3158*w - 50593. Give h(16).
191
Let l(i) = -i**2 + 58*i + 49. Calculate l(15).
694
Let w(f) = -f**3 - 2*f**2 + 61*f + 110. What is w(-8)?
6
Let i(o) = -48*o**2 + 544*o - 4740. What is i(9)?
-3732
Let l(d) = d**3 - 261*d**2 - 1066*d + 1599. Calculate l(265).
9
Let w(j) = 17*j**2 - 2922*j - 4478. Determine w(173).
-1191
Let o(n) = 21664*n - 4267808. Give o(197).
0
Let o(f) = -7*f**2 + 384*f - 2404. What is o(32)?
2716
Let o(f) = -78*f**3 - 3501*f**2 + 407*f + 104. Calculate o(-45).
14
Let n(c) = 13*c**2 - 2800*c - 13182. Determine n(220).
18
Let l(a) = -a**3 - 47*a**2 - 217*a + 11084. Give l(12).
-16
Let y(c) = 163*c + 150. What is y(-5)?
-665
Let l(v) = 60*v**3 + 303*v**2 - 87*v - 503. Give l(-5).
7
Let u(q) = -q**2 - 153*q - 5590. Determine u(-57).
-118
Let k(c) = -2*c**2 - 364*c - 6756. Determine k(-159).
558
Let x(m) = m**3 - 54*m**2 + 608*m + 98. Determine x(38).
98
Let i(b) = -1607*b**2 + 25532*b - 12. Determine i(16).
-2892
Let v(h) = -23050*h + 645397. Determine v(28).
-3
Let s(p) = -6316*p - 63149. Calculate s(-10).
11
Let m(o) = -8*o**2 - 127*o + 456. Give m(-20).
-204
Let l(k) = -2*k**3 - 140*k**2 - 162*k - 1656. Determine l(-69).
0
Let k(r) = 391*r + 6383. Give k(-15).
518
Let a(y) = -y**3 + 43*y**2 + 19*y + 189. Calculate a(43).
1006
Let r(t) = 2*t**2 - 1216*t + 6037. Determine r(5).
7
Let g(w) = -2202*w + 19655. Give g(9).
-163
Let s(u) = 2*u**2 + 113*u + 1111. Calculate s(-8).
335
Let q(x) = -5554*x - 2454835. Give q(-442).
33
Let t(u) = 4*u**3 - 24*u**2 - 326*u - 227. Give t(-6).
1
Let m(r) = -41*r**2 + 496*r - 473. Give m(11).
22
Let m(n) = 506*n + 97091. Give m(-194).
-1073
Let t(r) = -1091157*r - 1091148. Calculate t(-1).
9
Let s(n) = 9009951*n + 36039804. What is s(-4)?
0
Let q(g) = 5*g**2 + 55*g - 957. What is q(-22)?
253
Let p(u) = -52746*u + 896516. What is p(17)?
-166
Let p(i) = 8192*i - 57430. Calculate p(7).
-86
Let t(l) = -2*l**3 - 19*l**2 + 36*l + 141. Determine t(-10).
-119
Let x(b) = -b**3 - 47*b**2 + 136*b + 730. Calculate x(-50).
1430
Let l(a) = -162*a + 49418. Calculate l(256).
7946
Let q(f) = f**3 - 18*f**2 - 21841*f + 393133. What is q(18)?
-5
Let n(u) = 369*u - 27827. What is n(75)?
-152
Let s(c) = c**2 - 1586*c - 785. What is s(0)?
-785
Let r(t) = 3*t**3 + 881*t - 1